= 2*y**2 + 93*y - 1061. Calculate q(-56).
3
Let y(l) = -l**2 - 27*l - 196. Give y(-13).
-14
Let s(m) = -24*m - 966. Give s(-41).
18
Let y(k) = 3844*k + 9. Determine y(0).
9
Let y(k) = k**3 + 17*k**2 + 86*k + 20. Give y(-6).
-100
Let g(o) = -188*o**2 + 2250*o + 1. Calculate g(12).
-71
Let m(r) = -22*r + 360. Determine m(32).
-344
Let u(p) = 10723*p + 32148. What is u(-3)?
-21
Let o(u) = -2*u**2 - 83*u + 992. Determine o(-51).
23
Let j(o) = 206*o - 1273. Determine j(6).
-37
Let m(h) = 21*h + 679. Calculate m(-16).
343
Let u(k) = 4*k**2 + 74*k - 18. Give u(-19).
20
Let d(p) = p**3 + 35*p**2 + 50*p - 387. Give d(-33).
141
Let q(o) = -o**2 - 4*o + 1614. Give q(38).
18
Let w(y) = 21*y**2 + 98*y. Determine w(-4).
-56
Let j(h) = -h + 6. Determine j(-11).
17
Let f(j) = -5*j**2 + 5*j + 221. What is f(0)?
221
Let h(d) = -34*d**3 + 8*d**2 - 39*d + 32. Give h(1).
-33
Let j(k) = k**3 + 6*k**2 + 21*k - 5. Give j(-7).
-201
Let t(i) = -593*i + 8293. Give t(14).
-9
Let o(p) = -p**3 - 37*p**2 + 74*p + 1174. What is o(-5)?
4
Let l(p) = -6*p**2 + 100*p - 349. What is l(4)?
-45
Let b(n) = -n**2 + 18*n + 787. Calculate b(38).
27
Let l(h) = h**3 + 8*h**2. Calculate l(-5).
75
Let o(p) = -p**2 + 12*p + 585. What is o(31)?
-4
Let b(d) = 749*d - 10490. Determine b(14).
-4
Let m(d) = 3*d**3 - 15*d**2 - 37*d + 108. Determine m(8).
388
Let a(c) = -100*c - 2923. What is a(-29)?
-23
Let h(x) = -100*x - 26. Determine h(-1).
74
Let r(g) = g**2 - 819*g + 2453. Give r(3).
5
Let b(g) = -g**2 - 294*g - 1483. Give b(-5).
-38
Let q(m) = -m**3 - 9*m**2 + 20*m + 25. Calculate q(3).
-23
Let s(l) = -61*l - 4408. Give s(-72).
-16
Let l(j) = -13*j**2 + 190*j + 82. What is l(15)?
7
Let o(w) = 683*w + 10977. Calculate o(-16).
49
Let s(h) = 1108*h - 3472. Determine s(3).
-148
Let v(a) = a**3 - 9*a**2 - 37*a + 304. Determine v(10).
34
Let x(a) = 80*a - 7. What is x(0)?
-7
Let w(s) = -s**3 + 73*s**2 + 153*s - 316. Calculate w(75).
-91
Let y(r) = -r**3 + 23*r**2 + 26*r - 91. What is y(23)?
507
Let n(u) = 737*u**2 + 4*u + 2. Calculate n(-1).
735
Let h(z) = -z + 45. Determine h(-6).
51
Let x(n) = -3*n**3 + 89*n**2 + 21*n + 151. Determine x(30).
-119
Let w(l) = -47*l + 7380. Determine w(157).
1
Let h(x) = 8*x**3 - 4*x**2 - 6*x. Give h(-2).
-68
Let f(s) = 2*s**2 - 22*s - 417. Calculate f(-10).
3
Let y(d) = 3*d**3 + 184*d**2 + 70*d + 538. Determine y(-61).
-11
Let i(m) = -2749*m + 10997. Give i(4).
1
Let x(d) = -8*d**2 - 975*d - 845. Calculate x(-121).
2
Let a(z) = -131*z - 2315. Give a(-20).
305
Let n(a) = 200*a - 1203. Determine n(6).
-3
Let m(r) = -2*r + 24. Calculate m(15).
-6
Let n(i) = -37*i**2 - 2*i - 642. Determine n(0).
-642
Let c(y) = 5*y**3 - 19*y**2 - 19*y + 43. What is c(4)?
-17
Let m(r) = -17*r + 133. Determine m(7).
14
Let o(k) = -2*k**2 + 18*k + 10. Give o(8).
26
Let z(s) = 24*s - 455. Determine z(19).
1
Let h(o) = 40*o**2 + 111*o - 25. Give h(-3).
2
Let v(j) = -j**2 + 165*j + 1931. Determine v(-11).
-5
Let c(i) = -i**3 - 35*i**2 - 67*i - 15. What is c(-33)?
18
Let k(s) = 547*s + 3832. Determine k(-7).
3
Let y(z) = -z**3 - 196*z**2 + 5775*z + 663. What is y(-222)?
-3
Let t(i) = -i**3 - 11*i**2 - 61*i - 746. Give t(-11).
-75
Let d(y) = -y**3 - 6*y**2 + 12*y - 25. Determine d(4).
-137
Let i(f) = f**3 - 8*f**2 - 45*f - 11. Determine i(12).
25
Let b(q) = -5*q**2 - 10*q - 15. What is b(0)?
-15
Let d(i) = -58*i + 558. Determine d(0).
558
Let a(u) = u**2 + 125*u + 3789. Give a(-66).
-105
Let r(y) = y**3 - 8*y**2 + 775*y - 3805. Determine r(5).
-5
Let m(p) = 2*p**2 - 724*p - 5153. Determine m(-7).
13
Let c(r) = -150*r**3 + 897*r**2 + 10*r - 14. Calculate c(6).
-62
Let l(s) = s**3 + 73*s**2 + 1264*s + 177. Give l(-45).
-3
Let v(h) = -63*h**2 + 264*h - 11. Determine v(4).
37
Let r(f) = -236*f + 846. Determine r(4).
-98
Let s(a) = 10*a**3 + 48*a**2 - 11*a - 10. What is s(-5)?
-5
Let n(q) = -2*q**3 - 113*q**2 + 64*q + 415. Give n(-57).
16
Let m(p) = -2*p**2 + 204*p - 786. Determine m(4).
-2
Let l(a) = 6*a**2 + 236*a + 52. Calculate l(-39).
-26
Let x(v) = 17*v**2 + 69*v - 1. Calculate x(-4).
-5
Let o(j) = -2*j**3 - 2*j**2 + 18*j - 15. Determine o(3).
-33
Let c(t) = t**3 + 29*t**2 - 19*t + 310. Give c(-30).
-20
Let z(g) = -2*g**2 + 134*g + 278. What is z(69)?
2
Let s(q) = 98*q**2 + 84*q + 85. What is s(-1)?
99
Let q(h) = -h**2 - 525*h + 3746. Calculate q(7).
22
Let g(t) = -t**3 - 114*t**2 + 2380*t - 74. Determine g(18).
-2
Let y(f) = f**2 - 29*f - 422. Calculate y(-9).
-80
Let y(c) = -163*c - 3894. Give y(-24).
18
Let n(g) = -g**2 - 102*g - 1888. Determine n(-23).
-71
Let o(y) = 76*y + 1673. What is o(-25)?
-227
Let d(c) = -9*c**3 - 10*c**2 - 2*c - 27. Determine d(-3).
132
Let y(l) = 91*l**2 - 634*l - 18. What is y(7)?
3
Let j(d) = -1917*d + 82433. Determine j(43).
2
Let f(o) = -o**3 - 4*o**2 + 2*o + 3. Determine f(-2).
-9
Let d(j) = j**2 - 44*j + 51. Give d(36).
-237
Let q(c) = c**3 + 8*c**2 - 68*c - 367. Determine q(-11).
18
Let d(b) = -45*b**2 + 2610*b - 10. What is d(58)?
-10
Let x(y) = 123*y + 2327. Determine x(-19).
-10
Let t(q) = -q**2 + 256*q - 1493. Determine t(6).
7
Let i(d) = -78*d + 524. Give i(9).
-178
Let f(m) = -4811*m - 4799. Give f(-1).
12
Let s(h) = 229*h + 14187. Determine s(-62).
-11
Let s(k) = k**2 + 32*k + 295. Determine s(-22).
75
Let q(j) = -j**3 - 6*j**2 + 240*j - 282. Calculate q(12).
6
Let m(j) = -54311*j + 271557. What is m(5)?
2
Let v(i) = 5*i**2 + 18*i - 245. Give v(-9).
-2
Let o(v) = v**3 + 25*v**2 - 6*v + 92. What is o(-25)?
242
Let m(w) = w**3 - 10*w**2 - 3*w + 69. Give m(5).
-71
Let t(j) = j**2 - 3*j + 10. Determine t(0).
10
Let d(c) = -c**3 + 43*c**2 + 46*c - 81. Give d(44).
7
Let r(f) = -1513*f**2 + 3026*f - 9. What is r(2)?
-9
Let o(a) = -248*a - 2659. What is o(-11)?
69
Let i(z) = z**3 - 4*z**2 + 16. Calculate i(4).
16
Let h(i) = 12*i - 4. What is h(8)?
92
Let s(c) = c**3 - 42*c**2 + 391*c + 16. Determine s(28).
-12
Let x(s) = -48*s + 122. Calculate x(6).
-166
Let a(z) = -2*z**3 - 15*z**2 + 7*z + 115. What is a(-7)?
17
Let r(m) = -m**3 - 3*m**2 + 38*m + 183. Determine r(-7).
113
Let w(i) = i**2 - 7*i - 130. What is w(17)?
40
Let l(z) = -179*z**2 - 7*z + 4. What is l(1)?
-182
Let r(g) = -2*g**3 + 8*g**2 + 28*g + 13. What is r(6)?
37
Let k(t) = t**2 + 32*t - 274. Determine k(-39).
-1
Let y(k) = 2*k**2 + 172*k - 5293. Determine y(24).
-13
Let g(w) = 2*w**3 + 3*w**2 + 2*w + 37. Determine g(0).
37
Let r(k) = 15*k**3 + 7*k**2 + 11*k + 12. Determine r(-2).
-102
Let k(u) = 2402*u - 12. Give k(0).
-12
Let y(m) = -56*m + 605. Give y(7).
213
Let z(p) = -p**3 + 32*p**2 - 11*p + 35. What is z(32)?
-317
Let g(t) = t**3 + 6*t**2 + 20*t - 3. Give g(-5).
-78
Let f(q) = -154*q - 31868. Give f(-207).
10
Let i(c) = -2*c**2 - 9*c - 1. Calculate i(-3).
8
Let c(x) = -980*x + 3954. Calculate c(4).
34
Let u(w) = 2*w**3 - 43*w**2 + 30*w - 171. Give u(21).
18
Let i(q) = -171*q - 4796. Calculate i(-28).
-8
Let f(y) = -12*y**2 + 272*y + 89. Calculate f(23).
-3
Let h(c) = -2*c**2 + 112*c - 1555. What is h(30)?
5
Let g(b) = -b**2 + 7355*b - 102772. What is g(14)?
2
Let c(b) = -b**3 - 20*b**2 - 6*b + 89. What is c(-8)?
-631
Let l(o) = -10*o**2 - 416*o - 1681. What is l(-4)?
-177
Let h(w) = -3*w + 33. Calculate h(-27).
114
Let s(x) = -x**2 + 975*x - 5820. Give s(6).
-6
Let b(y) = y**2 + 134*y - 4348. Determine b(-161).
-1
Let v(n) = -n**3 + 3*n**2 - 11*n - 49. Calculate v(0).
-49
Let t(q) = 81*q**2 + 4*q - 87. Calculate t(-1).
-10
Let c(h) = -2*h**3 - 15*h**2 - 7*h - 60. What is c(-6)?
-126
Let j(c) = -74*c + 4395. Determine j(59).
29
Let y(c) = c**3 + 44*c**2 + 259*c + 1. Calculate y(-37).
1
Let y(f) = -f**2 - 71*f - 1235. What is y(-30)?
-5
Let j(n) = -9*n**3 + 10*n**2 + 60*n + 48. Give j(-4).
544
Let c(s) = -1044*s + 5167. Calculate c(5).
-53
Let n(s) = s**3 - 12*s**2 + 18*s - 262. Calculate n(12).
-46
Let s(u) = 126*u - 598. What is s(7)?
284
Let b(m) = 3077*m - 12300. Give b(4).
8
Let o(r) = -4*r**2 - 589*r + 1766. Determine o(3).
-37
Let l(h) = 89*h - 6632. What is l(71)?
-313
Let g(a) = a**2 + 14*a. What is g(-13)?
-13
Let t(n) = -135*n - 1104. Determine t(-8).
-24
Let f(w) = -w**3 + 11*w**2 + 15*w - 160. Give f(8).
152
Let m(t) = 52*t - 1723. Give m(33).
-7
Let b(c) = -5*c**3 + 34*c**2 - 8*c - 34. Give b(7).
-139
Let r(h) = 200*h + 5607. Give r(-28).
7
Let z(c) = 1103*c - 23157. G